Is s a prime number?
True
Let z be (-50)/13 - (-58)/(-377). Is z/(-14) + (108984/(-42))/(-4) a prime number?
False
Suppose 138 = -0*x + 6*x. Let s = -17 + x. Is s/4*60 - 3 composite?
True
Suppose 49*l - 38*l = 31911. Is l a composite number?
True
Is 8 + (-7)/(2 - (-2398)/(-1198)) prime?
True
Let y(b) = -b**3 + 8*b**2 - 8*b + 9. Let p be y(7). Suppose t + 0*t - 4*d = 7, 2*d + 8 = p*t. Is 4/((-12)/t)*-299 composite?
True
Let h(j) = j - 324. Let q be h(0). Let k = q + 1003. Is k composite?
True
Let x(r) = 25*r**2 - 25*r - 43. Is x(14) composite?
False
Suppose -3*z + 6 = -3*p, -2*z + 10 = 4*p - 0. Is 2*((-12652)/(-8))/p a prime number?
True
Let f be -94723 + 24/(-16)*(-4)/(-6). Is (-8)/36 + f/(-36) a composite number?
True
Suppose -2*s = -5*r - 3*s - 15, 5*r = 2*s. Let a = 193 - r. Let c = 1606 + a. Is c composite?
False
Let s = 94 - 65. Is (40/(-4))/(-3 + 85/s) composite?
True
Suppose -23 = 5*p - 3. Let b = p - -4. Let g(z) = z**3 + z + 119. Is g(b) composite?
True
Let o be 1/5 - (-1)/(-5). Suppose 2*f - b = 93 + 44, o = -f + 2*b + 64. Suppose 0 = -3*c + c + f. Is c a composite number?
True
Suppose 5*f + 2*q = 6484, -q - q = 3*f - 3888. Suppose z - f = 167. Is z prime?
False
Let k = 9335 - 3988. Is k a composite number?
False
Suppose -5*s + 2*g = -8786 + 1121, 2*s = -g + 3057. Is s a composite number?
False
Is (52/6)/(8/3972) a prime number?
False
Let a = 2777 - 1300. Is a a composite number?
True
Let z = 9567 - -19480. Is z composite?
True
Let l be (0 + -1)*(4 + -827). Let v = 88 + l. Is v prime?
True
Suppose -64 = -16*m + 12*m. Suppose 3*t + 5*k = 32, 0*k + k = -3*t + m. Suppose -17 = t*f - 213. Is f a prime number?
False
Let x(v) = v + 1. Let s be x(-5). Let h = 1 - s. Suppose 5*u + 328 = 3*t - 331, -h*t + 1123 = 4*u. Is t a composite number?
False
Is 16156/21 - (-5)/(-15) a composite number?
False
Let v = -185 - -210. Let d be ((-2)/(-5))/((-1)/(-15)). Suppose -197 = -d*p + v. Is p composite?
False
Suppose -142*r = -135*r - 53683. Is r a composite number?
False
Is 4516*(-132)/64*8/(-6) a prime number?
False
Let f be 12/(-16) + -2 + 32025/12. Suppose 3*z = -3*n + 2676, -4*z + z - n + f = 0. Is z a prime number?
True
Suppose 2*a - 26208 = -2*f, 5*a - 5*f - 88488 = -22918. Is a a composite number?
False
Let k be (-5 - -2 - -3) + 2. Let z be 15/(k - 75/39). Let h = z - 4. Is h a prime number?
True
Suppose -5*b + 8*w = 12*w + 3, -3*b = -2*w - 7. Let j(g) = -g**2 - 2*g - 1. Let z be j(-2). Is 72 - b/z*-1 a prime number?
True
Let w = 115 - 103. Suppose -w*b + 11*b + 1657 = 0. Is b a prime number?
True
Is 510759/45 - 8/(-10) a composite number?
False
Suppose 5 = r + 2. Suppose r*q + a + 29 = 3*a, 0 = -a + 1. Is (-7)/(-1)*(-27)/q prime?
False
Let g = 9309 - -614. Is g a prime number?
True
Let q = 6 + -3. Suppose q*w = w. Suppose w = c - 7 - 6. Is c composite?
False
Is 31/(2/(-12) - (-1585)/9330) composite?
True
Let l(v) = 6*v**2 + 2*v - 11. Let h be l(-8). Let m be 60 - (4 + -2 - -2). Suppose y = h - m. Is y a prime number?
False
Let g be (2*7/(-7))/(2/1). Is (2 + g)*(5 + -7) + 85 prime?
True
Let f(u) = -114*u + 11. Let w be 1/4 - 58/8. Is f(w) a composite number?
False
Suppose 0 = -4*z - h + 57, -5*h = 7*z - 2*z - 90. Suppose 2*l - y = 3*l - 1, z = 5*l - 3*y. Suppose 16 = 4*d, -l*o - d + 303 + 863 = 0. Is o composite?
True
Suppose 0 = 2*h + 4 - 14. Suppose -h*a = -4*n - 7, -4*a + 3*a + 2*n - 1 = 0. Suppose a*y = -5*s + 1793, 669 - 74 = y + s. Is y composite?
True
Let o = -7 + 4. Let x be (o/1)/(6/4). Is (1/x)/(3/(-738)) composite?
True
Let y(m) = -8*m**2 + 3*m - 7. Let g(q) = q**2 + q + 1. Let c(u) = -2*g(u) - y(u). Is c(2) a prime number?
True
Let t = 112693 - 68282. Is t composite?
True
Let y(w) = -3*w + 4. Let q be y(3). Let a = q - 1. Is (2/a)/(3/(-711)) a prime number?
True
Suppose 5*u = 2*y + 100763, 7*u = 5*u - 4*y + 40310. Is u prime?
False
Let d(k) = -4*k**3 + 15*k**2 + 10*k - 6. Let x(c) = 3*c**3 - 14*c**2 - 9*c + 5. Let i(y) = -4*d(y) - 5*x(y). Is i(-9) a composite number?
True
Let q(f) = -f**2 - 10*f - 14. Let v be q(-8). Is ((v - 0) + -3)*-359 a composite number?
False
Is 580 - (-61 - -5)/8 a composite number?
False
Suppose 44*r = 27*r + 53941. Is r composite?
True
Let w be 8/18*(-36)/(-8). Suppose 0*h + 3*h = -5*y + 4, 2*h = w*y + 8. Suppose h*r = -5*k + 268 + 411, -3*k + 887 = 4*r. Is r a composite number?
True
Let g(m) = 59*m**2 + 3*m - 3. Suppose 2 = -0*t + t - 3*r, 0 = -t + 5*r. Suppose 4*a + 2 = 2*l, -t - 5 = 4*l - a. Is g(l) a prime number?
False
Suppose 5*w + 46 + 14 = 0. Let o(q) = q**3 + 14*q**2 - 7*q - 14. Is o(w) prime?
False
Let o = 4 + -2. Suppose -15 = -o*s - s. Suppose 5*k + s*j = 2648 - 63, 5*j = 3*k - 1583. Is k a composite number?
False
Let l(x) = -5*x**3 + 91*x**2 + 96*x - 101. Let a(m) = m**3 - 18*m**2 - 19*m + 20. Let i(b) = -11*a(b) - 2*l(b). Is i(16) a prime number?
False
Let j(y) = -845*y**3 + y**2 + y. Let u be j(-1). Suppose 0 = 2*o - 5*s - u, -2*s = s + 9. Is o composite?
True
Let m = 3050 + 5633. Is m composite?
True
Is 5/45*21*2427 prime?
False
Let i(j) = 7*j - 49. Let q be i(7). Suppose q = 5*m - 4*f - 637, -2*m - 123 = -3*m + 3*f. Is m a prime number?
False
Let m = -14 + 17. Suppose -m*c - 2245 = 4*a, -4*a + 2*c = 3743 - 1473. Let k = -86 - a. Is k a composite number?
False
Suppose -4*n - 5*y = 741, 2*y - 183 = n + y. Let q = -125 - n. Is q prime?
True
Suppose -4*h = -4*u + 9816, 3656 + 3736 = 3*u + 3*h. Is u a composite number?
False
Let x(k) = 1 + 0 - 27*k - 21*k. Is x(-2) a prime number?
True
Suppose 6*t - 8152 = 4*t. Suppose -9*i + 9955 + t = 0. Is i prime?
True
Let c(o) be the first derivative of -o**2 - 5 - 5/4*o**4 - 5/3*o**3 + o. Is c(-5) a prime number?
False
Let m = -85901 - -144952. Is m a prime number?
True
Let w(n) = 238*n**3 - 5*n**2 + 33*n - 41. Is w(4) a prime number?
False
Suppose 4*b - 10899 + 4075 = -3*c, c - 6816 = -4*b. Suppose -b = 4*t - 5*t. Is t a composite number?
True
Let v = -16 + 26. Let u(m) = 3*m + v*m**2 - 16*m**2 + 14*m**2 + 9. Is u(4) composite?
False
Let b = -4139 + 8212. Is b a composite number?
False
Let g(c) = 62*c - 7 + 0 + 7 + 15. Is g(10) prime?
False
Suppose -9992 = -35*k + 27*k. Is k a prime number?
True
Let n = 1846 + 207. Is n a composite number?
False
Let p(z) = -22*z**3 - 5*z**2 - 16*z - 79. Is p(-8) a composite number?
False
Suppose 2*l + 70 = -34. Is (-9732)/l - (-2)/(-13) a prime number?
False
Let z = 15 + -26. Let f = z - -11. Let u(m) = m + 37. Is u(f) prime?
True
Is 5/(45/10788) + 1/3 a prime number?
False
Let g(r) = 2*r**2 - 5*r + 4. Let m be g(3). Let z = m + -28. Is 3/(-21) - 13632/z a composite number?
True
Let w be (22/2 + -4)*233. Let q = w - 1019. Suppose -q = -2*u - 5*y + 3*y, 2*u - 5*y - 619 = 0. Is u prime?
True
Suppose -5*d + 7*x = 4*x - 6329, 5*d - x - 6333 = 0. Let z = d - -3400. Is z prime?
False
Suppose 4*f = 10*f. Suppose -5*s + f*i - 2*i = -1661, i = s - 328. Is s prime?
True
Let z(h) = -h**3 - 10*h**2 + 10*h - 2. Let j be z(-11). Suppose 4*m + 4245 = j*m. Is m prime?
False
Let m be 7/3 + (-2)/6. Suppose m*b + b - 3604 = -i, -4 = -4*i. Let o = b + -692. Is o a composite number?
False
Let b = -9078 - -21557. Is b composite?
False
Suppose 895 + 2474 = -3*p. Let z = p - -3578. Is z composite?
True
Suppose 6631 = 4*q - 2*o - 12481, 4*o = 4*q - 19108. Suppose j = 4*x - 2348 - q, -j = -3*x + 5346. Is x a prime number?
False
Suppose -356*n = -370*n + 33754. Is n prime?
True
Let u = 155 - 40. Suppose 0 = 3*p - 5*a - 41 - 37, u = 4*p - 3*a. Is p composite?
False
Let v be -2 - ((1 - 1937) + -3). Suppose 2*b = s + v, 2*s - 4*s = -b + 970. Let o = b + -469. Is o prime?
True
Let s = 2779 + -1759. Suppose -l - 4*a + 788 = 3*l, 5*l - 2*a = s. Is l a prime number?
False
Is (4 - 84/(-8))*346 prime?
False
Let k(a) = 916*a**2 - 4*a - 13. Is k(8) a prime number?
True
Let t be ((-3)/(-2) + 5)/(2/404). Suppose -t = 2*p - 3*p. Is p a prime number?
False
Let o(h) = -572*h**3 - h**2 + h + 1. Let k be o(-1). Let m = k - 308. Is m a prime number?
True
Suppose -4*g + 11 = 5*v, -5*g - 3*v + 17 = -0*v. Is 2955/21 + g + (-26)/7 a composite number?
True
Suppose -15 = r - 5*o, -8 + 2 = -r - 2*o. Suppose -y - 3*y + 5444 = r. Is y a composite number?
False
Let w = 56954 + -32515. Is w a composite number?
False
Suppose 4*z - 15667 = -5*f + 2176, -z + 3569 = f. Let t = 